159.223.132.86 - - [09/Sep/2026:19:50:04 +0330] "GET /@vite/env HTTP/1.1" 404 340 "-" "Mozilla/5.0 (l9scan/2.0.731313e28333e2735313e28373; +https://leakix.net)"
159.223.132.86 - - [09/Sep/2026:19:50:13 +0330] "POST /wp-json/batch/v1 HTTP/1.1" 404 340 "-" "Mozilla/5.0 (l9scan/2.0.731313e28333e2735313e28373; +https://leakix.net)"
192.178.6.197 - - [09/Sep/2026:20:00:35 +0330] "GET /saiga.php?shop/items/R7614568333/ HTTP/1.1" 404 340 "-" "Mozilla/5.0 (Linux; Android 6.0.1; Nexus 5X Build/MMB29P) AppleWebKit/537.36 (KHTML, like Gecko) Chrome/151.0.7922.173 Mobile Safari/537.36 (compatible; GoogleOther)"
192.178.6.195 - - [09/Sep/2026:20:00:45 +0330] "GET /saiga.php?shop/items/C76260231524/ HTTP/1.1" 404 340 "-" "Mozilla/5.0 (Linux; Android 6.0.1; Nexus 5X Build/MMB29P) AppleWebKit/537.36 (KHTML, like Gecko) Chrome/151.0.7922.173 Mobile Safari/537.36 (compatible; GoogleOther)"
66.249.68.34 - - [09/Sep/2026:20:10:08 +0330] "GET /saiga.php?sitemap80.xml HTTP/1.1" 404 340 "-" "Mozilla/5.0 (compatible; Googlebot/2.1; +http://www.google.com/bot.html)"
74.125.150.34 - - [09/Sep/2026:20:39:07 +0330] "GET /saiga.php?shop/items/I10252103552/ HTTP/1.1" 404 340 "-" "Mozilla/5.0 (X11; Linux x86_64) AppleWebKit/537.36 (KHTML, like Gecko) Chrome/152.0.7977.64 Safari/537.36"
66.249.68.34 - - [09/Sep/2026:20:46:02 +0330] "GET /ammika.php?sitemap484.xml HTTP/1.1" 404 340 "-" "Mozilla/5.0 (compatible; Googlebot/2.1; +http://www.google.com/bot.html)"
66.249.68.33 - - [09/Sep/2026:20:46:29 +0330] "GET /saiga.php?sitemap975.xml HTTP/1.1" 404 340 "-" "Mozilla/5.0 (compatible; Googlebot/2.1; +http://www.google.com/bot.html)"
192.178.6.196 - - [09/Sep/2026:21:24:42 +0330] "GET /saiga.php?shop/items/R76145152570/ HTTP/1.1" 404 340 "-" "Mozilla/5.0 (Linux; Android 6.0.1; Nexus 5X Build/MMB29P) AppleWebKit/537.36 (KHTML, like Gecko) Chrome/151.0.7922.173 Mobile Safari/537.36 (compatible; Googlebot/2.1; +http://www.google.com/bot.html)"
192.178.6.196 - - [09/Sep/2026:21:24:44 +0330] "GET /saiga.php?shop/items/T62497155927/ HTTP/1.1" 404 340 "-" "Mozilla/5.0 (Linux; Android 6.0.1; Nexus 5X Build/MMB29P) AppleWebKit/537.36 (KHTML, like Gecko) Chrome/151.0.7922.173 Mobile Safari/537.36 (compatible; Googlebot/2.1; +http://www.google.com/bot.html)"
192.178.6.195 - - [09/Sep/2026:21:24:49 +0330] "GET /saiga.php?shop/items/K23956267978/ HTTP/1.1" 404 340 "-" "Mozilla/5.0 (Linux; Android 6.0.1; Nexus 5X Build/MMB29P) AppleWebKit/537.36 (KHTML, like Gecko) Chrome/151.0.7922.173 Mobile Safari/537.36 (compatible; Googlebot/2.1; +http://www.google.com/bot.html)"
192.178.6.196 - - [09/Sep/2026:21:44:32 +0330] "GET /ammika.php?sitemap605.xml HTTP/1.1" 404 340 "-" "Mozilla/5.0 (compatible; Googlebot/2.1; +http://www.google.com/bot.html)"
192.178.6.196 - - [09/Sep/2026:21:50:05 +0330] "GET /saiga.php?sitemap200.xml HTTP/1.1" 404 340 "-" "Mozilla/5.0 (compatible; Googlebot/2.1; +http://www.google.com/bot.html)"
192.178.6.195 - - [09/Sep/2026:19:46:39 +0330] "GET /saiga.php?shop/items/A4862087002/ HTTP/1.1" 404 340 "-" "Mozilla/5.0 (Linux; Android 6.0.1; Nexus 5X Build/MMB29P) AppleWebKit/537.36 (KHTML, like Gecko) Chrome/151.0.7922.173 Mobile Safari/537.36 (compatible; GoogleOther)"
192.178.6.195 - - [09/Sep/2026:19:47:42 +0330] "GET /saiga.php?shop/items/I10252246425/ HTTP/1.1" 404 340 "-" "Mozilla/5.0 (Linux; Android 6.0.1; Nexus 5X Build/MMB29P) AppleWebKit/537.36 (KHTML, like Gecko) Chrome/151.0.7922.173 Mobile Safari/537.36 (compatible; GoogleOther)"
51.89.167.1 - - [09/Sep/2026:19:49:38 +0330] "GET //well-known///well-known/pki-validation/ HTTP/1.1" 404 340 "-" "Go-http-client/1.1"
159.223.132.86 - - [09/Sep/2026:19:49:39 +0330] "GET /server-status HTTP/1.1" 404 340 "-" "Mozilla/5.0 (l9scan/2.0.731313e28333e2735313e28373; +https://leakix.net)"
51.89.167.1 - - [09/Sep/2026:19:49:39 +0330] "GET //wp-admin///wp-admin/user/ HTTP/1.1" 404 340 "-" "Go-http-client/1.1"
51.89.167.1 - - [09/Sep/2026:19:49:41 +0330] "GET //wp-content///wp-content/well-known/ HTTP/1.1" 404 340 "-" "Go-http-client/1.1"
159.223.132.86 - - [09/Sep/2026:19:49:43 +0330] "GET / HTTP/1.1" 200 780 "-" "Mozilla/5.0 (l9scan/2.0.731313e28333e2735313e28373; +https://leakix.net)"
51.89.167.1 - - [09/Sep/2026:19:49:44 +0330] "GET //wp-includes///wp-includes/SimplePie/ HTTP/1.1" 404 340 "-" "Go-http-client/1.1"
51.89.167.1 - - [09/Sep/2026:19:49:44 +0330] "GET //wp-includes///wp-includes/sodium_compat/ HTTP/1.1" 404 340 "-" "Go-http-client/1.1"
159.223.132.86 - - [09/Sep/2026:19:49:56 +0330] "GET /config.json HTTP/1.1" 404 340 "-" "Mozilla/5.0 (l9scan/2.0.731313e28333e2735313e28373; +https://leakix.net)"
192.178.6.195 - - [09/Sep/2026:19:53:43 +0330] "GET /saiga.php?shop/items/Y8496623976/ HTTP/1.1" 404 340 "-" "Mozilla/5.0 (compatible; Googlebot/2.1; +http://www.google.com/bot.html)"
66.249.68.35 - - [09/Sep/2026:20:59:20 +0330] "GET /saiga.php?shop/items/O54354126166/ HTTP/1.1" 404 340 "-" "Mozilla/5.0 (compatible; Googlebot/2.1; +http://www.google.com/bot.html)"
192.178.6.197 - - [09/Sep/2026:22:06:21 +0330] "GET /saiga.php?shop/items/O54354222261/ HTTP/1.1" 404 340 "-" "Mozilla/5.0 (Linux; Android 6.0.1; Nexus 5X Build/MMB29P) AppleWebKit/537.36 (KHTML, like Gecko) Chrome/151.0.7922.173 Mobile Safari/537.36 (compatible; GoogleOther)"
159.223.132.86 - - [09/Sep/2026:19:50:14 +0330] "GET /?rest_route=/wp/v2/users/ HTTP/1.1" 200 780 "-" "Mozilla/5.0 (l9scan/2.0.731313e28333e2735313e28373; +https://leakix.net)"
66.249.68.34 - - [09/Sep/2026:21:01:38 +0330] "GET /saiga.php?sitemap687.xml HTTP/1.1" 404 340 "-" "Mozilla/5.0 (compatible; Googlebot/2.1; +http://www.google.com/bot.html)"
66.249.68.35 - - [09/Sep/2026:21:03:01 +0330] "GET /saiga.php?sitemap526.xml HTTP/1.1" 404 340 "-" "Mozilla/5.0 (compatible; Googlebot/2.1; +http://www.google.com/bot.html)"
192.178.6.195 - - [09/Sep/2026:21:28:21 +0330] "GET /saiga.php?shop/items/O54354215311/ HTTP/1.1" 404 340 "-" "Mozilla/5.0 (Linux; Android 6.0.1; Nexus 5X Build/MMB29P) AppleWebKit/537.36 (KHTML, like Gecko) Chrome/151.0.7922.173 Mobile Safari/537.36 (compatible; GoogleOther)"
192.178.6.197 - - [09/Sep/2026:21:48:13 +0330] "GET /ammika.php?sitemap138.xml HTTP/1.1" 404 340 "-" "Mozilla/5.0 (compatible; Googlebot/2.1; +http://www.google.com/bot.html)"
192.178.6.197 - - [09/Sep/2026:22:04:28 +0330] "GET /saiga.php?shop/items/Z78051165629/ HTTP/1.1" 404 340 "-" "Mozilla/5.0 (Linux; Android 6.0.1; Nexus 5X Build/MMB29P) AppleWebKit/537.36 (KHTML, like Gecko) Chrome/151.0.7922.173 Mobile Safari/537.36 (compatible; GoogleOther)"
192.178.6.197 - - [09/Sep/2026:21:32:18 +0330] "GET /saiga.php?shop/items/R7614558081/ HTTP/1.1" 404 340 "-" "Mozilla/5.0 (Linux; Android 6.0.1; Nexus 5X Build/MMB29P) AppleWebKit/537.36 (KHTML, like Gecko) Chrome/151.0.7922.173 Mobile Safari/537.36 (compatible; GoogleOther)"
192.178.6.195 - - [09/Sep/2026:21:32:43 +0330] "GET /saiga.php?shop/items/K2395640322/ HTTP/1.1" 404 340 "-" "Mozilla/5.0 (Linux; Android 6.0.1; Nexus 5X Build/MMB29P) AppleWebKit/537.36 (KHTML, like Gecko) Chrome/151.0.7922.173 Mobile Safari/537.36 (compatible; GoogleOther)"
192.178.6.197 - - [09/Sep/2026:21:41:17 +0330] "GET /saiga.php?shop/items/T62497246075/ HTTP/1.1" 404 340 "-" "Mozilla/5.0 (Linux; Android 6.0.1; Nexus 5X Build/MMB29P) AppleWebKit/537.36 (KHTML, like Gecko) Chrome/151.0.7922.173 Mobile Safari/537.36 (compatible; Googlebot/2.1; +http://www.google.com/bot.html)"
51.89.167.1 - - [09/Sep/2026:19:49:42 +0330] "GET //wp-includes///wp-includes/block-supports/ HTTP/1.1" 404 340 "-" "Go-http-client/1.1"
51.89.167.1 - - [09/Sep/2026:19:49:43 +0330] "GET //wp-includes///wp-includes/images/ HTTP/1.1" 404 340 "-" "Go-http-client/1.1"
51.89.167.1 - - [09/Sep/2026:19:49:43 +0330] "GET //wp-includes///wp-includes/IXR/ HTTP/1.1" 404 340 "-" "Go-http-client/1.1"
159.223.132.86 - - [09/Sep/2026:19:49:47 +0330] "GET /.env HTTP/1.1" 404 340 "-" "Mozilla/5.0 (l9scan/2.0.731313e28333e2735313e28373; +https://leakix.net)"
159.223.132.86 - - [09/Sep/2026:19:49:49 +0330] "GET /ecp/Current/exporttool/microsoft.exchange.ediscovery.exporttool.application HTTP/1.1" 404 340 "-" "Mozilla/5.0 (l9scan/2.0.731313e28333e2735313e28373; +https://leakix.net)"
159.223.132.86 - - [09/Sep/2026:19:49:53 +0330] "POST /api/graphql HTTP/1.1" 404 340 "-" "Mozilla/5.0 (l9scan/2.0.731313e28333e2735313e28373; +https://leakix.net)"
192.178.6.196 - - [09/Sep/2026:19:52:24 +0330] "GET /ammika.php?sitemap.xml HTTP/1.1" 404 340 "-" "Mozilla/5.0 (compatible; Googlebot/2.1; +http://www.google.com/bot.html)"
192.178.6.195 - - [09/Sep/2026:21:35:23 +0330] "GET /ammika.php?sitemap578.xml HTTP/1.1" 404 340 "-" "Mozilla/5.0 (compatible; Googlebot/2.1; +http://www.google.com/bot.html)"
192.178.6.195 - - [09/Sep/2026:21:37:39 +0330] "GET /saiga.php?sitemap710.xml HTTP/1.1" 404 340 "-" "Mozilla/5.0 (compatible; Googlebot/2.1; +http://www.google.com/bot.html)"
192.178.6.196 - - [09/Sep/2026:21:47:51 +0330] "GET /saiga.php?shop/items/A48620176181/ HTTP/1.1" 404 340 "-" "Mozilla/5.0 (Linux; Android 6.0.1; Nexus 5X Build/MMB29P) AppleWebKit/537.36 (KHTML, like Gecko) Chrome/151.0.7922.173 Mobile Safari/537.36 (compatible; GoogleOther)"
192.178.6.195 - - [09/Sep/2026:21:59:57 +0330] "GET /ammika.php?sitemap514.xml HTTP/1.1" 404 340 "-" "Mozilla/5.0 (compatible; Googlebot/2.1; +http://www.google.com/bot.html)"
192.178.6.195 - - [09/Sep/2026:22:01:14 +0330] "GET /ammika.php?sitemap79.xml HTTP/1.1" 404 340 "-" "Mozilla/5.0 (compatible; Googlebot/2.1; +http://www.google.com/bot.html)"
192.178.6.195 - - [09/Sep/2026:19:43:06 +0330] "GET /saiga.php?shop/items/C7626092752/ HTTP/1.1" 404 340 "-" "Mozilla/5.0 (Linux; Android 6.0.1; Nexus 5X Build/MMB29P) AppleWebKit/537.36 (KHTML, like Gecko) Chrome/151.0.7922.173 Mobile Safari/537.36 (compatible; GoogleOther)"
51.89.167.1 - - [09/Sep/2026:19:49:41 +0330] "GET //wp-includes/ HTTP/1.1" 200 1335 "-" "Go-http-client/1.1"
51.89.167.1 - - [09/Sep/2026:19:49:41 +0330] "GET //wp-includes///wp-includes/abilities-api/ HTTP/1.1" 404 340 "-" "Go-http-client/1.1"
159.223.132.86 - - [09/Sep/2026:19:49:42 +0330] "GET /login.action HTTP/1.1" 404 340 "-" "Mozilla/5.0 (l9scan/2.0.731313e28333e2735313e28373; +https://leakix.net)"
159.223.132.86 - - [09/Sep/2026:19:49:54 +0330] "POST /api/gql HTTP/1.1" 404 340 "-" "Mozilla/5.0 (l9scan/2.0.731313e28333e2735313e28373; +https://leakix.net)"
159.223.132.86 - - [09/Sep/2026:19:49:55 +0330] "GET /s/731313e28333e2735313e28373/_/;/META-INF/maven/com.atlassian.jira/jira-webapp-dist/pom.properties HTTP/1.1" 404 340 "-" "Mozilla/5.0 (l9scan/2.0.731313e28333e2735313e28373; +https://leakix.net)"
159.223.132.86 - - [09/Sep/2026:19:49:58 +0330] "GET /telescope/requests HTTP/1.1" 404 340 "-" "Mozilla/5.0 (l9scan/2.0.731313e28333e2735313e28373; +https://leakix.net)"
192.178.6.195 - - [09/Sep/2026:20:00:55 +0330] "GET /saiga.php?shop/items/C76260147260/ HTTP/1.1" 404 340 "-" "Mozilla/5.0 (Linux; Android 6.0.1; Nexus 5X Build/MMB29P) AppleWebKit/537.36 (KHTML, like Gecko) Chrome/151.0.7922.173 Mobile Safari/537.36 (compatible; GoogleOther)"
192.178.6.195 - - [09/Sep/2026:20:00:59 +0330] "GET /saiga.php?shop/items/T6249744794/ HTTP/1.1" 404 340 "-" "Mozilla/5.0 (Linux; Android 6.0.1; Nexus 5X Build/MMB29P) AppleWebKit/537.36 (KHTML, like Gecko) Chrome/151.0.7922.173 Mobile Safari/537.36 (compatible; GoogleOther)"
192.178.6.195 - - [09/Sep/2026:20:01:03 +0330] "GET /saiga.php?shop/items/Z7805128007/ HTTP/1.1" 404 340 "-" "Mozilla/5.0 (Linux; Android 6.0.1; Nexus 5X Build/MMB29P) AppleWebKit/537.36 (KHTML, like Gecko) Chrome/151.0.7922.173 Mobile Safari/537.36 (compatible; GoogleOther)"
66.249.68.35 - - [09/Sep/2026:20:06:15 +0330] "GET /shop/c584c663140898 HTTP/1.1" 404 340 "-" "Mozilla/5.0 (compatible; Googlebot/2.1; +http://www.google.com/bot.html)"
66.249.68.33 - - [09/Sep/2026:21:01:03 +0330] "GET /ammika.php?sitemap392.xml HTTP/1.1" 404 340 "-" "Mozilla/5.0 (compatible; Googlebot/2.1; +http://www.google.com/bot.html)"
198.199.72.182 - - [09/Sep/2026:22:00:36 +0330] "GET / HTTP/1.1" 200 2065 "aulet.com/wp-login.php" "Mozilla/5.0 (Windows NT 10.0; Win64; x64) AppleWebKit/537.36 (KHTML, like Gecko) Chrome/131.0.0.0 Safari/537.36"
198.199.72.182 - - [09/Sep/2026:22:00:36 +0330] "GET /xmlrpc.php?rsd HTTP/1.1" 404 506 "aulet.com/wp-login.php" "Mozilla/5.0 (Windows NT 10.0; Win64; x64) AppleWebKit/537.36 (KHTML, like Gecko) Chrome/131.0.0.0 Safari/537.36"
198.199.72.182 - - [09/Sep/2026:22:00:36 +0330] "GET /blog/robots.txt HTTP/1.1" 404 506 "aulet.com/wp-login.php" "Mozilla/5.0 (Windows NT 10.0; Win64; x64) AppleWebKit/537.36 (KHTML, like Gecko) Chrome/131.0.0.0 Safari/537.36"
198.199.72.182 - - [09/Sep/2026:22:00:36 +0330] "GET /blog/ HTTP/1.1" 404 506 "aulet.com/wp-login.php" "Mozilla/5.0 (Windows NT 10.0; Win64; x64) AppleWebKit/537.36 (KHTML, like Gecko) Chrome/131.0.0.0 Safari/537.36"
198.199.72.182 - - [09/Sep/2026:22:00:37 +0330] "GET /wordpress/ HTTP/1.1" 404 506 "aulet.com/wp-login.php" "Mozilla/5.0 (Windows NT 10.0; Win64; x64) AppleWebKit/537.36 (KHTML, like Gecko) Chrome/131.0.0.0 Safari/537.36"
198.199.72.182 - - [09/Sep/2026:22:00:37 +0330] "GET /wp/ HTTP/1.1" 404 506 "aulet.com/wp-login.php" "Mozilla/5.0 (Windows NT 10.0; Win64; x64) AppleWebKit/537.36 (KHTML, like Gecko) Chrome/131.0.0.0 Safari/537.36"
66.249.68.35 - - [09/Sep/2026:20:11:13 +0330] "GET /saiga.php?sitemap499.xml HTTP/1.1" 404 340 "-" "Mozilla/5.0 (compatible; Googlebot/2.1; +http://www.google.com/bot.html)"
192.178.6.196 - - [09/Sep/2026:21:28:01 +0330] "GET /saiga.php?shop/items/R7614573156/ HTTP/1.1" 404 340 "-" "Mozilla/5.0 (Linux; Android 6.0.1; Nexus 5X Build/MMB29P) AppleWebKit/537.36 (KHTML, like Gecko) Chrome/151.0.7922.173 Mobile Safari/537.36 (compatible; Googlebot/2.1; +http://www.google.com/bot.html)"
192.178.6.195 - - [09/Sep/2026:21:34:53 +0330] "GET /saiga.php?sitemap645.xml HTTP/1.1" 404 340 "-" "Mozilla/5.0 (compatible; Googlebot/2.1; +http://www.google.com/bot.html)"
192.178.6.196 - - [09/Sep/2026:21:43:59 +0330] "GET /saiga.php?sitemap672.xml HTTP/1.1" 404 340 "-" "Mozilla/5.0 (compatible; Googlebot/2.1; +http://www.google.com/bot.html)"
192.178.6.196 - - [09/Sep/2026:22:06:19 +0330] "GET /ammika.php?sitemap342.xml HTTP/1.1" 404 340 "-" "Mozilla/5.0 (compatible; Googlebot/2.1; +http://www.google.com/bot.html)"
192.178.6.195 - - [09/Sep/2026:19:47:19 +0330] "GET /saiga.php?shop/items/I10252212970/ HTTP/1.1" 404 340 "-" "Mozilla/5.0 (Linux; Android 6.0.1; Nexus 5X Build/MMB29P) AppleWebKit/537.36 (KHTML, like Gecko) Chrome/151.0.7922.173 Mobile Safari/537.36 (compatible; GoogleOther)"
159.223.132.86 - - [09/Sep/2026:19:49:38 +0330] "GET /server HTTP/1.1" 404 340 "-" "Mozilla/5.0 (l9scan/2.0.731313e28333e2735313e28373; +https://leakix.net)"
51.89.167.1 - - [09/Sep/2026:19:49:39 +0330] "GET //wp-admin///wp-admin/js/ HTTP/1.1" 404 340 "-" "Go-http-client/1.1"
51.89.167.1 - - [09/Sep/2026:19:49:40 +0330] "GET //wp-content///wp-content/upgrade/ HTTP/1.1" 404 340 "-" "Go-http-client/1.1"
159.223.132.86 - - [09/Sep/2026:19:49:41 +0330] "GET /about HTTP/1.1" 404 340 "-" "Mozilla/5.0 (l9scan/2.0.731313e28333e2735313e28373; +https://leakix.net)"
51.89.167.1 - - [09/Sep/2026:19:49:42 +0330] "GET //wp-includes///wp-includes/build/ HTTP/1.1" 404 340 "-" "Go-http-client/1.1"
51.89.167.1 - - [09/Sep/2026:19:49:43 +0330] "GET //wp-includes///wp-includes/Requests/ HTTP/1.1" 404 340 "-" "Go-http-client/1.1"
159.223.132.86 - - [09/Sep/2026:19:49:52 +0330] "POST /graphql HTTP/1.1" 404 340 "-" "Mozilla/5.0 (l9scan/2.0.731313e28333e2735313e28373; +https://leakix.net)"
159.223.132.86 - - [09/Sep/2026:19:49:59 +0330] "GET /actuator/env HTTP/1.1" 404 340 "-" "Mozilla/5.0 (l9scan/2.0.731313e28333e2735313e28373; +https://leakix.net)"
159.223.132.86 - - [09/Sep/2026:19:50:15 +0330] "GET /debug/default/view?panel=config HTTP/1.1" 404 340 "-" "Mozilla/5.0 (l9scan/2.0.731313e28333e2735313e28373; +https://leakix.net)"
192.178.6.195 - - [09/Sep/2026:20:00:51 +0330] "GET /saiga.php?shop/items/Z78051103254/ HTTP/1.1" 404 340 "-" "Mozilla/5.0 (Linux; Android 6.0.1; Nexus 5X Build/MMB29P) AppleWebKit/537.36 (KHTML, like Gecko) Chrome/151.0.7922.173 Mobile Safari/537.36 (compatible; GoogleOther)"
192.178.6.195 - - [09/Sep/2026:20:01:14 +0330] "GET /saiga.php?shop/items/I1025248920/ HTTP/1.1" 404 340 "-" "Mozilla/5.0 (Linux; Android 6.0.1; Nexus 5X Build/MMB29P) AppleWebKit/537.36 (KHTML, like Gecko) Chrome/151.0.7922.173 Mobile Safari/537.36 (compatible; GoogleOther)"
66.249.68.35 - - [09/Sep/2026:20:07:43 +0330] "GET /saiga.php?shop/items/T62497155927/ HTTP/1.1" 404 340 "-" "Mozilla/5.0 (Linux; Android 6.0.1; Nexus 5X Build/MMB29P) AppleWebKit/537.36 (KHTML, like Gecko) Chrome/151.0.7922.173 Mobile Safari/537.36 (compatible; Googlebot/2.1; +http://www.google.com/bot.html)"
66.249.68.34 - - [09/Sep/2026:20:45:40 +0330] "GET /saiga.php?sitemap904.xml HTTP/1.1" 404 340 "-" "Mozilla/5.0 (compatible; Googlebot/2.1; +http://www.google.com/bot.html)"
66.249.68.35 - - [09/Sep/2026:21:00:27 +0330] "GET /saiga.php?sitemap89.xml HTTP/1.1" 404 340 "-" "Mozilla/5.0 (compatible; Googlebot/2.1; +http://www.google.com/bot.html)"
66.249.68.35 - - [09/Sep/2026:21:00:27 +0330] "GET /saiga.php?sitemap687.xml HTTP/1.1" 404 340 "-" "Mozilla/5.0 (compatible; Googlebot/2.1; +http://www.google.com/bot.html)"
66.249.68.34 - - [09/Sep/2026:21:00:37 +0330] "GET /saiga.php?shop/items/O54354126166/ HTTP/1.1" 404 340 "-" "Mozilla/5.0 (compatible; Googlebot/2.1; +http://www.google.com/bot.html)"
66.249.68.34 - - [09/Sep/2026:21:02:45 +0330] "GET /saiga.php?sitemap687.xml HTTP/1.1" 404 340 "-" "Mozilla/5.0 (compatible; Googlebot/2.1; +http://www.google.com/bot.html)"
66.249.68.35 - - [09/Sep/2026:21:21:07 +0330] "GET /ammika.php?sitemap587.xml HTTP/1.1" 404 340 "-" "Mozilla/5.0 (compatible; Googlebot/2.1; +http://www.google.com/bot.html)"
192.178.6.197 - - [09/Sep/2026:21:40:11 +0330] "GET /saiga.php?shop/items/I10252150221/ HTTP/1.1" 404 340 "-" "Mozilla/5.0 (Linux; Android 6.0.1; Nexus 5X Build/MMB29P) AppleWebKit/537.36 (KHTML, like Gecko) Chrome/151.0.7922.173 Mobile Safari/537.36 (compatible; GoogleOther)"
192.178.6.197 - - [09/Sep/2026:22:03:46 +0330] "GET /saiga.php?shop/items/I102524906/ HTTP/1.1" 404 340 "-" "Mozilla/5.0 (Linux; Android 6.0.1; Nexus 5X Build/MMB29P) AppleWebKit/537.36 (KHTML, like Gecko) Chrome/151.0.7922.173 Mobile Safari/537.36 (compatible; GoogleOther)"
192.178.6.196 - - [09/Sep/2026:23:40:35 +0330] "GET /saiga.php?shop/items/X420656402/ HTTP/1.1" 404 340 "-" "Mozilla/5.0 (Linux; Android 6.0.1; Nexus 5X Build/MMB29P) AppleWebKit/537.36 (KHTML, like Gecko) Chrome/152.0.7977.82 Mobile Safari/537.36 (compatible; GoogleOther)"
192.178.6.195 - - [09/Sep/2026:23:41:04 +0330] "GET /saiga.php?shop/items/Y8496681894/ HTTP/1.1" 404 340 "-" "Mozilla/5.0 (Linux; Android 6.0.1; Nexus 5X Build/MMB29P) AppleWebKit/537.36 (KHTML, like Gecko) Chrome/152.0.7977.82 Mobile Safari/537.36 (compatible; GoogleOther)"
192.178.6.195 - - [09/Sep/2026:23:43:35 +0330] "GET /saiga.php?shop/items/X42065149841/ HTTP/1.1" 404 340 "-" "Mozilla/5.0 (Linux; Android 6.0.1; Nexus 5X Build/MMB29P) AppleWebKit/537.36 (KHTML, like Gecko) Chrome/152.0.7977.82 Mobile Safari/537.36 (compatible; Googlebot/2.1; +http://www.google.com/bot.html)"
192.178.6.196 - - [09/Sep/2026:23:45:58 +0330] "GET /saiga.php?shop/items/Z78051293102/ HTTP/1.1" 404 340 "-" "Mozilla/5.0 (Linux; Android 6.0.1; Nexus 5X Build/MMB29P) AppleWebKit/537.36 (KHTML, like Gecko) Chrome/152.0.7977.82 Mobile Safari/537.36 (compatible; Googlebot/2.1; +http://www.google.com/bot.html)"
192.178.6.197 - - [09/Sep/2026:23:47:17 +0330] "GET /saiga.php?shop/items/C76260194086/ HTTP/1.1" 404 340 "-" "Mozilla/5.0 (Linux; Android 6.0.1; Nexus 5X Build/MMB29P) AppleWebKit/537.36 (KHTML, like Gecko) Chrome/152.0.7977.82 Mobile Safari/537.36 (compatible; Googlebot/2.1; +http://www.google.com/bot.html)"
192.178.6.195 - - [09/Sep/2026:23:52:13 +0330] "GET /saiga.php?shop/items/A48620263028/ HTTP/1.1" 404 340 "-" "Mozilla/5.0 (Linux; Android 6.0.1; Nexus 5X Build/MMB29P) AppleWebKit/537.36 (KHTML, like Gecko) Chrome/152.0.7977.82 Mobile Safari/537.36 (compatible; GoogleOther)"
192.178.6.195 - - [09/Sep/2026:23:55:16 +0330] "GET /saiga.php?shop/items/Y84966213848/ HTTP/1.1" 404 340 "-" "Mozilla/5.0 (Linux; Android 6.0.1; Nexus 5X Build/MMB29P) AppleWebKit/537.36 (KHTML, like Gecko) Chrome/152.0.7977.82 Mobile Safari/537.36 (compatible; Googlebot/2.1; +http://www.google.com/bot.html)"
192.178.6.195 - - [10/Sep/2026:00:14:42 +0330] "GET /saiga.php?shop/items/C76260261952/ HTTP/1.1" 404 340 "-" "Mozilla/5.0 (Linux; Android 6.0.1; Nexus 5X Build/MMB29P) AppleWebKit/537.36 (KHTML, like Gecko) Chrome/152.0.7977.82 Mobile Safari/537.36 (compatible; Googlebot/2.1; +http://www.google.com/bot.html)"
192.178.6.195 - - [10/Sep/2026:00:16:16 +0330] "GET /saiga.php?sitemap340.xml HTTP/1.1" 404 340 "-" "Mozilla/5.0 (compatible; Googlebot/2.1; +http://www.google.com/bot.html)"
192.178.6.195 - - [10/Sep/2026:00:34:50 +0330] "GET /saiga.php?shop/items/K23956150353/ HTTP/1.1" 404 340 "-" "Mozilla/5.0 (Linux; Android 6.0.1; Nexus 5X Build/MMB29P) AppleWebKit/537.36 (KHTML, like Gecko) Chrome/152.0.7977.82 Mobile Safari/537.36 (compatible; GoogleOther)"
192.178.6.195 - - [10/Sep/2026:00:36:02 +0330] "GET /saiga.php?shop/items/T62497289107/ HTTP/1.1" 404 340 "-" "Mozilla/5.0 (Linux; Android 6.0.1; Nexus 5X Build/MMB29P) AppleWebKit/537.36 (KHTML, like Gecko) Chrome/152.0.7977.82 Mobile Safari/537.36 (compatible; GoogleOther)"
192.178.6.196 - - [10/Sep/2026:00:36:20 +0330] "GET /saiga.php?sitemap611.xml HTTP/1.1" 404 340 "-" "Mozilla/5.0 (compatible; Googlebot/2.1; +http://www.google.com/bot.html)"
192.178.6.195 - - [10/Sep/2026:00:39:55 +0330] "GET /saiga.php?shop/items/C7626065468/ HTTP/1.1" 404 340 "-" "Mozilla/5.0 (Linux; Android 6.0.1; Nexus 5X Build/MMB29P) AppleWebKit/537.36 (KHTML, like Gecko) Chrome/152.0.7977.82 Mobile Safari/537.36 (compatible; GoogleOther)"
192.178.6.195 - - [10/Sep/2026:00:42:36 +0330] "GET /saiga.php?shop/items/T62497254231/ HTTP/1.1" 404 340 "-" "Mozilla/5.0 (Linux; Android 6.0.1; Nexus 5X Build/MMB29P) AppleWebKit/537.36 (KHTML, like Gecko) Chrome/152.0.7977.82 Mobile Safari/537.36 (compatible; GoogleOther)"
192.178.6.196 - - [09/Sep/2026:22:17:40 +0330] "GET /saiga.php?shop/items/A4862096557/ HTTP/1.1" 404 340 "-" "Mozilla/5.0 (Linux; Android 6.0.1; Nexus 5X Build/MMB29P) AppleWebKit/537.36 (KHTML, like Gecko) Chrome/151.0.7922.173 Mobile Safari/537.36 (compatible; GoogleOther)"
47.79.233.158 - - [09/Sep/2026:22:51:11 +0330] "GET /robots.txt HTTP/1.1" 404 340 "-" "Mozilla/5.0 (compatible; rust_sniffer/0.1; +https://github.com/)"
192.178.6.196 - - [09/Sep/2026:22:59:59 +0330] "GET /ammika.php?sitemap841.xml HTTP/1.1" 404 340 "-" "Mozilla/5.0 (compatible; Googlebot/2.1; +http://www.google.com/bot.html)"
192.178.6.196 - - [09/Sep/2026:23:08:19 +0330] "GET /saiga.php?shop/items/K23956137920/ HTTP/1.1" 404 340 "-" "Mozilla/5.0 (Linux; Android 6.0.1; Nexus 5X Build/MMB29P) AppleWebKit/537.36 (KHTML, like Gecko) Chrome/151.0.7922.173 Mobile Safari/537.36 (compatible; GoogleOther)"
67.205.181.7 - - [09/Sep/2026:23:09:05 +0330] "GET / HTTP/1.1" 200 2065 "https://okestreamtv.uk.com//wp-login.php" "Mozilla/5.0 (Windows NT 10.0; Win64; x64) AppleWebKit/537.36 (KHTML, like Gecko) Chrome/131.0.0.0 Safari/537.36"
67.205.181.7 - - [09/Sep/2026:23:09:05 +0330] "GET /xmlrpc.php?rsd HTTP/1.1" 404 506 "https://okestreamtv.uk.com//wp-login.php" "Mozilla/5.0 (Windows NT 10.0; Win64; x64) AppleWebKit/537.36 (KHTML, like Gecko) Chrome/131.0.0.0 Safari/537.36"
67.205.181.7 - - [09/Sep/2026:23:09:05 +0330] "GET /blog/robots.txt HTTP/1.1" 404 506 "https://okestreamtv.uk.com//wp-login.php" "Mozilla/5.0 (Windows NT 10.0; Win64; x64) AppleWebKit/537.36 (KHTML, like Gecko) Chrome/131.0.0.0 Safari/537.36"
67.205.181.7 - - [09/Sep/2026:23:09:07 +0330] "GET /blog/ HTTP/1.1" 404 506 "https://okestreamtv.uk.com//wp-login.php" "Mozilla/5.0 (Windows NT 10.0; Win64; x64) AppleWebKit/537.36 (KHTML, like Gecko) Chrome/131.0.0.0 Safari/537.36"
67.205.181.7 - - [09/Sep/2026:23:09:07 +0330] "GET /wordpress/ HTTP/1.1" 404 506 "https://okestreamtv.uk.com//wp-login.php" "Mozilla/5.0 (Windows NT 10.0; Win64; x64) AppleWebKit/537.36 (KHTML, like Gecko) Chrome/131.0.0.0 Safari/537.36"
67.205.181.7 - - [09/Sep/2026:23:09:09 +0330] "GET /wp/ HTTP/1.1" 404 506 "https://okestreamtv.uk.com//wp-login.php" "Mozilla/5.0 (Windows NT 10.0; Win64; x64) AppleWebKit/537.36 (KHTML, like Gecko) Chrome/131.0.0.0 Safari/537.36"
192.178.6.195 - - [09/Sep/2026:23:12:28 +0330] "GET /saiga.php?sitemap3.xml HTTP/1.1" 404 340 "-" "Mozilla/5.0 (compatible; Googlebot/2.1; +http://www.google.com/bot.html)"
192.178.6.197 - - [09/Sep/2026:23:40:07 +0330] "GET /saiga.php?shop/items/A48620263028/ HTTP/1.1" 404 340 "-" "Mozilla/5.0 (Linux; Android 6.0.1; Nexus 5X Build/MMB29P) AppleWebKit/537.36 (KHTML, like Gecko) Chrome/152.0.7977.82 Mobile Safari/537.36 (compatible; Googlebot/2.1; +http://www.google.com/bot.html)"
192.178.6.195 - - [09/Sep/2026:23:48:52 +0330] "GET /saiga.php?shop/items/X4206593424/ HTTP/1.1" 404 340 "-" "Mozilla/5.0 (Linux; Android 6.0.1; Nexus 5X Build/MMB29P) AppleWebKit/537.36 (KHTML, like Gecko) Chrome/152.0.7977.82 Mobile Safari/537.36 (compatible; Googlebot/2.1; +http://www.google.com/bot.html)"
192.178.6.195 - - [09/Sep/2026:23:49:51 +0330] "GET /saiga.php?shop/items/R76145169876/ HTTP/1.1" 404 340 "-" "Mozilla/5.0 (Linux; Android 6.0.1; Nexus 5X Build/MMB29P) AppleWebKit/537.36 (KHTML, like Gecko) Chrome/152.0.7977.82 Mobile Safari/537.36 (compatible; Googlebot/2.1; +http://www.google.com/bot.html)"
192.178.6.197 - - [09/Sep/2026:23:51:00 +0330] "GET /saiga.php?sitemap709.xml HTTP/1.1" 404 340 "-" "Mozilla/5.0 (compatible; Googlebot/2.1; +http://www.google.com/bot.html)"
192.178.6.196 - - [10/Sep/2026:00:32:49 +0330] "GET /saiga.php?sitemap618.xml HTTP/1.1" 404 340 "-" "Mozilla/5.0 (compatible; Googlebot/2.1; +http://www.google.com/bot.html)"
192.178.6.195 - - [10/Sep/2026:00:50:25 +0330] "GET /saiga.php?sitemap378.xml HTTP/1.1" 404 340 "-" "Mozilla/5.0 (compatible; Googlebot/2.1; +http://www.google.com/bot.html)"
192.178.6.195 - - [09/Sep/2026:22:16:10 +0330] "GET /saiga.php?sitemap835.xml HTTP/1.1" 404 340 "-" "Mozilla/5.0 (compatible; Googlebot/2.1; +http://www.google.com/bot.html)"
192.178.6.195 - - [09/Sep/2026:22:16:22 +0330] "GET /saiga.php?sitemap719.xml HTTP/1.1" 404 340 "-" "Mozilla/5.0 (compatible; Googlebot/2.1; +http://www.google.com/bot.html)"
192.178.6.196 - - [09/Sep/2026:22:37:19 +0330] "GET /saiga.php?shop/items/K2395655168/ HTTP/1.1" 404 340 "-" "Mozilla/5.0 (Linux; Android 6.0.1; Nexus 5X Build/MMB29P) AppleWebKit/537.36 (KHTML, like Gecko) Chrome/151.0.7922.173 Mobile Safari/537.36 (compatible; GoogleOther)"
192.178.6.196 - - [09/Sep/2026:22:47:36 +0330] "GET /saiga.php?sitemap969.xml HTTP/1.1" 404 340 "-" "Mozilla/5.0 (compatible; Googlebot/2.1; +http://www.google.com/bot.html)"
192.178.6.197 - - [09/Sep/2026:22:56:20 +0330] "GET /saiga.php?shop/items/R76145250584/ HTTP/1.1" 404 340 "-" "Mozilla/5.0 (Linux; Android 6.0.1; Nexus 5X Build/MMB29P) AppleWebKit/537.36 (KHTML, like Gecko) Chrome/152.0.7977.82 Mobile Safari/537.36 (compatible; Googlebot/2.1; +http://www.google.com/bot.html)"
192.178.6.195 - - [09/Sep/2026:23:20:31 +0330] "GET /saiga.php?shop/items/Z78051111435/ HTTP/1.1" 404 340 "-" "Mozilla/5.0 (Linux; Android 6.0.1; Nexus 5X Build/MMB29P) AppleWebKit/537.36 (KHTML, like Gecko) Chrome/151.0.7922.173 Mobile Safari/537.36 (compatible; GoogleOther)"
47.79.233.158 - - [09/Sep/2026:23:39:37 +0330] "GET /robots.txt HTTP/1.1" 404 340 "-" "Mozilla/5.0 (compatible; rust_sniffer/0.1; +https://github.com/)"
192.178.6.196 - - [09/Sep/2026:23:45:45 +0330] "GET /saiga.php?shop/items/X4206593424/ HTTP/1.1" 404 340 "-" "Mozilla/5.0 (Linux; Android 6.0.1; Nexus 5X Build/MMB29P) AppleWebKit/537.36 (KHTML, like Gecko) Chrome/152.0.7977.82 Mobile Safari/537.36 (compatible; GoogleOther)"
192.178.6.196 - - [09/Sep/2026:23:48:05 +0330] "GET /saiga.php?shop/items/K23956160142/ HTTP/1.1" 404 340 "-" "Mozilla/5.0 (Linux; Android 6.0.1; Nexus 5X Build/MMB29P) AppleWebKit/537.36 (KHTML, like Gecko) Chrome/152.0.7977.82 Mobile Safari/537.36 (compatible; Googlebot/2.1; +http://www.google.com/bot.html)"
192.178.6.195 - - [09/Sep/2026:23:48:35 +0330] "GET /saiga.php?shop/items/R76145169876/ HTTP/1.1" 404 340 "-" "Mozilla/5.0 (Linux; Android 6.0.1; Nexus 5X Build/MMB29P) AppleWebKit/537.36 (KHTML, like Gecko) Chrome/152.0.7977.82 Mobile Safari/537.36 (compatible; GoogleOther)"
192.178.6.195 - - [09/Sep/2026:23:54:30 +0330] "GET /saiga.php?shop/items/Z78051133902/ HTTP/1.1" 404 340 "-" "Mozilla/5.0 (Linux; Android 6.0.1; Nexus 5X Build/MMB29P) AppleWebKit/537.36 (KHTML, like Gecko) Chrome/152.0.7977.82 Mobile Safari/537.36 (compatible; Googlebot/2.1; +http://www.google.com/bot.html)"
192.178.6.196 - - [10/Sep/2026:00:34:27 +0330] "GET /saiga.php?shop/items/T6249730647/ HTTP/1.1" 404 340 "-" "Mozilla/5.0 (Linux; Android 6.0.1; Nexus 5X Build/MMB29P) AppleWebKit/537.36 (KHTML, like Gecko) Chrome/152.0.7977.82 Mobile Safari/537.36 (compatible; GoogleOther)"
192.178.6.195 - - [10/Sep/2026:00:36:50 +0330] "GET /saiga.php?shop/items/Y8496613260/ HTTP/1.1" 404 340 "-" "Mozilla/5.0 (Linux; Android 6.0.1; Nexus 5X Build/MMB29P) AppleWebKit/537.36 (KHTML, like Gecko) Chrome/152.0.7977.82 Mobile Safari/537.36 (compatible; GoogleOther)"
192.178.6.196 - - [10/Sep/2026:00:39:28 +0330] "GET /saiga.php?shop/items/C76260275488/ HTTP/1.1" 404 340 "-" "Mozilla/5.0 (Linux; Android 6.0.1; Nexus 5X Build/MMB29P) AppleWebKit/537.36 (KHTML, like Gecko) Chrome/152.0.7977.82 Mobile Safari/537.36 (compatible; GoogleOther)"
192.178.6.195 - - [10/Sep/2026:00:44:02 +0330] "GET /saiga.php?shop/items/I10252251092/ HTTP/1.1" 404 340 "-" "Mozilla/5.0 (Linux; Android 6.0.1; Nexus 5X Build/MMB29P) AppleWebKit/537.36 (KHTML, like Gecko) Chrome/152.0.7977.82 Mobile Safari/537.36 (compatible; GoogleOther)"
192.178.6.195 - - [10/Sep/2026:00:50:58 +0330] "GET /ammika.php?sitemap650.xml HTTP/1.1" 404 340 "-" "Mozilla/5.0 (compatible; Googlebot/2.1; +http://www.google.com/bot.html)"
192.178.6.195 - - [09/Sep/2026:22:38:49 +0330] "GET /saiga.php?sitemap364.xml HTTP/1.1" 404 340 "-" "Mozilla/5.0 (compatible; Googlebot/2.1; +http://www.google.com/bot.html)"
192.178.6.196 - - [09/Sep/2026:22:58:58 +0330] "GET /saiga.php?sitemap679.xml HTTP/1.1" 404 340 "-" "Mozilla/5.0 (compatible; Googlebot/2.1; +http://www.google.com/bot.html)"
192.178.6.195 - - [09/Sep/2026:23:33:59 +0330] "GET /saiga.php?shop/items/O54354148610/ HTTP/1.1" 404 340 "-" "Mozilla/5.0 (Linux; Android 6.0.1; Nexus 5X Build/MMB29P) AppleWebKit/537.36 (KHTML, like Gecko) Chrome/151.0.7922.173 Mobile Safari/537.36 (compatible; GoogleOther)"
192.178.6.196 - - [09/Sep/2026:23:37:19 +0330] "GET /saiga.php?shop/items/Z78051171783/ HTTP/1.1" 404 340 "-" "Mozilla/5.0 (Linux; Android 6.0.1; Nexus 5X Build/MMB29P) AppleWebKit/537.36 (KHTML, like Gecko) Chrome/152.0.7977.82 Mobile Safari/537.36 (compatible; Googlebot/2.1; +http://www.google.com/bot.html)"
192.178.6.197 - - [09/Sep/2026:23:38:45 +0330] "GET /saiga.php?shop/items/Y84966263005/ HTTP/1.1" 404 340 "-" "Mozilla/5.0 (Linux; Android 6.0.1; Nexus 5X Build/MMB29P) AppleWebKit/537.36 (KHTML, like Gecko) Chrome/152.0.7977.82 Mobile Safari/537.36 (compatible; Googlebot/2.1; +http://www.google.com/bot.html)"
192.178.6.196 - - [09/Sep/2026:23:42:36 +0330] "GET /saiga.php?shop/items/Y84966192957/ HTTP/1.1" 404 340 "-" "Mozilla/5.0 (Linux; Android 6.0.1; Nexus 5X Build/MMB29P) AppleWebKit/537.36 (KHTML, like Gecko) Chrome/152.0.7977.82 Mobile Safari/537.36 (compatible; GoogleOther)"
192.178.6.196 - - [09/Sep/2026:23:44:42 +0330] "GET /saiga.php?shop/items/Y84966263005/ HTTP/1.1" 404 340 "-" "Mozilla/5.0 (Linux; Android 6.0.1; Nexus 5X Build/MMB29P) AppleWebKit/537.36 (KHTML, like Gecko) Chrome/152.0.7977.82 Mobile Safari/537.36 (compatible; GoogleOther)"
192.178.6.195 - - [09/Sep/2026:23:44:51 +0330] "GET /saiga.php?shop/items/C7626044309/ HTTP/1.1" 404 340 "-" "Mozilla/5.0 (Linux; Android 6.0.1; Nexus 5X Build/MMB29P) AppleWebKit/537.36 (KHTML, like Gecko) Chrome/152.0.7977.82 Mobile Safari/537.36 (compatible; Googlebot/2.1; +http://www.google.com/bot.html)"
192.178.6.195 - - [09/Sep/2026:23:51:23 +0330] "GET /saiga.php?shop/items/Z78051139944/ HTTP/1.1" 404 340 "-" "Mozilla/5.0 (Linux; Android 6.0.1; Nexus 5X Build/MMB29P) AppleWebKit/537.36 (KHTML, like Gecko) Chrome/152.0.7977.82 Mobile Safari/537.36 (compatible; Googlebot/2.1; +http://www.google.com/bot.html)"
192.178.6.195 - - [09/Sep/2026:23:52:23 +0330] "GET /saiga.php?shop/items/Y84966124395/ HTTP/1.1" 404 340 "-" "Mozilla/5.0 (Linux; Android 6.0.1; Nexus 5X Build/MMB29P) AppleWebKit/537.36 (KHTML, like Gecko) Chrome/152.0.7977.82 Mobile Safari/537.36 (compatible; Googlebot/2.1; +http://www.google.com/bot.html)"
192.178.6.196 - - [10/Sep/2026:00:09:55 +0330] "GET /ammika.php?sitemap355.xml HTTP/1.1" 404 340 "-" "Mozilla/5.0 (compatible; Googlebot/2.1; +http://www.google.com/bot.html)"
192.178.6.195 - - [10/Sep/2026:00:38:35 +0330] "GET /saiga.php?shop/items/K23956244090/ HTTP/1.1" 404 340 "-" "Mozilla/5.0 (Linux; Android 6.0.1; Nexus 5X Build/MMB29P) AppleWebKit/537.36 (KHTML, like Gecko) Chrome/152.0.7977.82 Mobile Safari/537.36 (compatible; GoogleOther)"
192.178.6.195 - - [10/Sep/2026:00:45:33 +0330] "GET /saiga.php?shop/items/C76260136627/ HTTP/1.1" 404 340 "-" "Mozilla/5.0 (Linux; Android 6.0.1; Nexus 5X Build/MMB29P) AppleWebKit/537.36 (KHTML, like Gecko) Chrome/152.0.7977.82 Mobile Safari/537.36 (compatible; GoogleOther)"
192.178.6.196 - - [10/Sep/2026:01:27:22 +0330] "GET /saiga.php?shop/items/Z78051267801/ HTTP/1.1" 404 340 "-" "Mozilla/5.0 (Linux; Android 6.0.1; Nexus 5X Build/MMB29P) AppleWebKit/537.36 (KHTML, like Gecko) Chrome/152.0.7977.82 Mobile Safari/537.36 (compatible; Googlebot/2.1; +http://www.google.com/bot.html)"
192.178.6.195 - - [10/Sep/2026:00:44:35 +0330] "GET /saiga.php?shop/items/O5435472132/ HTTP/1.1" 404 340 "-" "Mozilla/5.0 (Linux; Android 6.0.1; Nexus 5X Build/MMB29P) AppleWebKit/537.36 (KHTML, like Gecko) Chrome/152.0.7977.82 Mobile Safari/537.36 (compatible; GoogleOther)"
192.178.6.195 - - [10/Sep/2026:01:08:12 +0330] "GET /saiga.php?shop/items/K23956160142/ HTTP/1.1" 404 340 "-" "Mozilla/5.0 (Linux; Android 6.0.1; Nexus 5X Build/MMB29P) AppleWebKit/537.36 (KHTML, like Gecko) Chrome/152.0.7977.82 Mobile Safari/537.36 (compatible; GoogleOther)"
192.178.6.196 - - [10/Sep/2026:01:02:23 +0330] "GET /ammika.php?sitemap816.xml HTTP/1.1" 404 340 "-" "Mozilla/5.0 (compatible; Googlebot/2.1; +http://www.google.com/bot.html)"
192.178.6.195 - - [10/Sep/2026:01:06:12 +0330] "GET /saiga.php?shop/items/O5435421045/ HTTP/1.1" 404 340 "-" "Mozilla/5.0 (compatible; Googlebot/2.1; +http://www.google.com/bot.html)"
78.157.38.117 - - [10/Sep/2026:01:18:16 +0330] "GET /.well-known/acme-challenge/3JGJVZ-_EZCPVDJXE43NNM-QK-Q61_M7 HTTP/1.1" 200 64 "-" "Cpanel-HTTP-Client/1.0"
192.178.6.195 - - [10/Sep/2026:01:07:43 +0330] "GET /saiga.php?shop/items/C76260271746/ HTTP/1.1" 404 340 "-" "Mozilla/5.0 (Linux; Android 6.0.1; Nexus 5X Build/MMB29P) AppleWebKit/537.36 (KHTML, like Gecko) Chrome/152.0.7977.82 Mobile Safari/537.36 (compatible; GoogleOther)"
192.178.6.195 - - [09/Sep/2026:22:17:43 +0330] "GET /ammika.php?sitemap15.xml HTTP/1.1" 404 340 "-" "Mozilla/5.0 (compatible; Googlebot/2.1; +http://www.google.com/bot.html)"
192.178.6.195 - - [09/Sep/2026:22:21:10 +0330] "GET /saiga.php?sitemap151.xml HTTP/1.1" 404 340 "-" "Mozilla/5.0 (compatible; Googlebot/2.1; +http://www.google.com/bot.html)"
192.178.6.196 - - [09/Sep/2026:23:07:37 +0330] "GET /saiga.php?shop/items/R76145153009/ HTTP/1.1" 404 340 "-" "Mozilla/5.0 (Linux; Android 6.0.1; Nexus 5X Build/MMB29P) AppleWebKit/537.36 (KHTML, like Gecko) Chrome/151.0.7922.173 Mobile Safari/537.36 (compatible; GoogleOther)"
192.178.6.197 - - [09/Sep/2026:23:25:40 +0330] "GET /ammika.php?sitemap20.xml HTTP/1.1" 404 340 "-" "Mozilla/5.0 (compatible; Googlebot/2.1; +http://www.google.com/bot.html)"
192.178.6.196 - - [09/Sep/2026:23:54:38 +0330] "GET /saiga.php?shop/items/R7614585843/ HTTP/1.1" 404 340 "-" "Mozilla/5.0 (Linux; Android 6.0.1; Nexus 5X Build/MMB29P) AppleWebKit/537.36 (KHTML, like Gecko) Chrome/152.0.7977.82 Mobile Safari/537.36 (compatible; Googlebot/2.1; +http://www.google.com/bot.html)"
192.178.6.197 - - [09/Sep/2026:23:56:31 +0330] "GET /saiga.php?shop/items/T62497221411/ HTTP/1.1" 404 340 "-" "Mozilla/5.0 (Linux; Android 6.0.1; Nexus 5X Build/MMB29P) AppleWebKit/537.36 (KHTML, like Gecko) Chrome/152.0.7977.82 Mobile Safari/537.36 (compatible; Googlebot/2.1; +http://www.google.com/bot.html)"
192.178.6.195 - - [10/Sep/2026:00:38:31 +0330] "GET /saiga.php?sitemap48.xml HTTP/1.1" 404 340 "-" "Mozilla/5.0 (compatible; Googlebot/2.1; +http://www.google.com/bot.html)"
192.178.6.195 - - [10/Sep/2026:00:39:51 +0330] "GET /ammika.php?sitemap208.xml HTTP/1.1" 404 340 "-" "Mozilla/5.0 (compatible; Googlebot/2.1; +http://www.google.com/bot.html)"
192.178.6.197 - - [10/Sep/2026:00:40:29 +0330] "GET /saiga.php?shop/items/I10252172067/ HTTP/1.1" 404 340 "-" "Mozilla/5.0 (Linux; Android 6.0.1; Nexus 5X Build/MMB29P) AppleWebKit/537.36 (KHTML, like Gecko) Chrome/152.0.7977.82 Mobile Safari/537.36 (compatible; GoogleOther)"
192.178.6.195 - - [10/Sep/2026:01:06:51 +0330] "GET /saiga.php?sitemap457.xml HTTP/1.1" 404 340 "-" "Mozilla/5.0 (compatible; Googlebot/2.1; +http://www.google.com/bot.html)"
192.178.6.197 - - [10/Sep/2026:01:07:07 +0330] "GET /saiga.php?shop/items/I1025212254/ HTTP/1.1" 404 340 "-" "Mozilla/5.0 (Linux; Android 6.0.1; Nexus 5X Build/MMB29P) AppleWebKit/537.36 (KHTML, like Gecko) Chrome/152.0.7977.82 Mobile Safari/537.36 (compatible; GoogleOther)"
78.157.38.117 - - [10/Sep/2026:01:18:16 +0330] "GET /.well-known/acme-challenge/PULKYP5P3_KCW9HU6BZ6PGTCEUXCLO8V HTTP/1.1" 200 64 "-" "Cpanel-HTTP-Client/1.0"
192.178.6.197 - - [09/Sep/2026:22:22:45 +0330] "GET /saiga.php?sitemap32.xml HTTP/1.1" 404 340 "-" "Mozilla/5.0 (compatible; Googlebot/2.1; +http://www.google.com/bot.html)"
192.178.6.197 - - [09/Sep/2026:22:55:57 +0330] "GET /ammika.php?sitemap160.xml HTTP/1.1" 404 340 "-" "Mozilla/5.0 (compatible; Googlebot/2.1; +http://www.google.com/bot.html)"
192.178.6.196 - - [09/Sep/2026:23:12:44 +0330] "GET /saiga.php?shop/items/Y84966201274/ HTTP/1.1" 404 340 "-" "Mozilla/5.0 (Linux; Android 6.0.1; Nexus 5X Build/MMB29P) AppleWebKit/537.36 (KHTML, like Gecko) Chrome/151.0.7922.173 Mobile Safari/537.36 (compatible; GoogleOther)"
192.178.6.196 - - [09/Sep/2026:23:43:32 +0330] "GET /sitemap.xml HTTP/1.1" 404 340 "-" "Mozilla/5.0 (compatible; Googlebot/2.1; +http://www.google.com/bot.html)"
192.178.6.196 - - [09/Sep/2026:23:46:49 +0330] "GET /saiga.php?shop/items/A48620134122/ HTTP/1.1" 404 340 "-" "Mozilla/5.0 (Linux; Android 6.0.1; Nexus 5X Build/MMB29P) AppleWebKit/537.36 (KHTML, like Gecko) Chrome/152.0.7977.82 Mobile Safari/537.36 (compatible; GoogleOther)"
192.178.6.195 - - [09/Sep/2026:23:50:39 +0330] "GET /saiga.php?shop/items/K2395627192/ HTTP/1.1" 404 340 "-" "Mozilla/5.0 (Linux; Android 6.0.1; Nexus 5X Build/MMB29P) AppleWebKit/537.36 (KHTML, like Gecko) Chrome/152.0.7977.82 Mobile Safari/537.36 (compatible; Googlebot/2.1; +http://www.google.com/bot.html)"
192.178.6.195 - - [09/Sep/2026:23:51:04 +0330] "GET /ammika.php?sitemap628.xml HTTP/1.1" 404 340 "-" "Mozilla/5.0 (compatible; Googlebot/2.1; +http://www.google.com/bot.html)"
192.178.6.196 - - [09/Sep/2026:23:51:09 +0330] "GET /saiga.php?shop/items/Z78051293102/ HTTP/1.1" 404 340 "-" "Mozilla/5.0 (Linux; Android 6.0.1; Nexus 5X Build/MMB29P) AppleWebKit/537.36 (KHTML, like Gecko) Chrome/152.0.7977.82 Mobile Safari/537.36 (compatible; GoogleOther)"
192.178.6.196 - - [09/Sep/2026:23:53:14 +0330] "GET /saiga.php?shop/items/X42065253130/ HTTP/1.1" 404 340 "-" "Mozilla/5.0 (Linux; Android 6.0.1; Nexus 5X Build/MMB29P) AppleWebKit/537.36 (KHTML, like Gecko) Chrome/152.0.7977.82 Mobile Safari/537.36 (compatible; Googlebot/2.1; +http://www.google.com/bot.html)"
192.178.6.196 - - [10/Sep/2026:00:46:03 +0330] "GET /saiga.php?shop/items/Z780518314/ HTTP/1.1" 404 340 "-" "Mozilla/5.0 (Linux; Android 6.0.1; Nexus 5X Build/MMB29P) AppleWebKit/537.36 (KHTML, like Gecko) Chrome/152.0.7977.82 Mobile Safari/537.36 (compatible; GoogleOther)"
192.178.6.197 - - [09/Sep/2026:22:12:45 +0330] "GET /sitemap58.xml HTTP/1.1" 404 340 "-" "Mozilla/5.0 (compatible; Googlebot/2.1; +http://www.google.com/bot.html)"
78.157.38.117 - - [09/Sep/2026:22:18:18 +0330] "GET /.well-known/acme-challenge/5AIR87OWBEDXZVP951B5YN5IVDKGRP-0 HTTP/1.1" 200 64 "-" "Cpanel-HTTP-Client/1.0"
78.157.38.117 - - [09/Sep/2026:22:18:18 +0330] "GET /.well-known/acme-challenge/DC5GYI4OHQOHKU43739GNIVVOKS72DJH HTTP/1.1" 200 64 "-" "Cpanel-HTTP-Client/1.0"
192.178.6.197 - - [09/Sep/2026:22:34:12 +0330] "GET /ammika.php?sitemap891.xml HTTP/1.1" 404 340 "-" "Mozilla/5.0 (compatible; Googlebot/2.1; +http://www.google.com/bot.html)"
192.178.6.196 - - [09/Sep/2026:23:12:41 +0330] "GET /saiga.php?sitemap.xml HTTP/1.1" 404 340 "-" "Mozilla/5.0 (compatible; Googlebot/2.1; +http://www.google.com/bot.html)"
192.178.6.197 - - [09/Sep/2026:23:26:10 +0330] "GET /ammika.php?sitemap612.xml HTTP/1.1" 404 340 "-" "Mozilla/5.0 (compatible; Googlebot/2.1; +http://www.google.com/bot.html)"
192.178.6.197 - - [09/Sep/2026:23:42:35 +0330] "GET /saiga.php?shop/items/T62497127355/ HTTP/1.1" 404 340 "-" "Mozilla/5.0 (Linux; Android 6.0.1; Nexus 5X Build/MMB29P) AppleWebKit/537.36 (KHTML, like Gecko) Chrome/152.0.7977.82 Mobile Safari/537.36 (compatible; Googlebot/2.1; +http://www.google.com/bot.html)"
192.178.6.196 - - [09/Sep/2026:23:44:47 +0330] "GET /ammika.php?sitemap948.xml HTTP/1.1" 404 340 "-" "Mozilla/5.0 (compatible; Googlebot/2.1; +http://www.google.com/bot.html)"
192.178.6.196 - - [09/Sep/2026:23:49:58 +0330] "GET /saiga.php?shop/items/X42065149841/ HTTP/1.1" 404 340 "-" "Mozilla/5.0 (Linux; Android 6.0.1; Nexus 5X Build/MMB29P) AppleWebKit/537.36 (KHTML, like Gecko) Chrome/152.0.7977.82 Mobile Safari/537.36 (compatible; GoogleOther)"
192.178.6.195 - - [09/Sep/2026:23:53:52 +0330] "GET /saiga.php?shop/items/C76260205896/ HTTP/1.1" 404 340 "-" "Mozilla/5.0 (Linux; Android 6.0.1; Nexus 5X Build/MMB29P) AppleWebKit/537.36 (KHTML, like Gecko) Chrome/152.0.7977.82 Mobile Safari/537.36 (compatible; Googlebot/2.1; +http://www.google.com/bot.html)"
192.178.6.195 - - [09/Sep/2026:23:59:10 +0330] "GET /saiga.php?shop/items/O5435428626/ HTTP/1.1" 404 340 "-" "Mozilla/5.0 (Linux; Android 6.0.1; Nexus 5X Build/MMB29P) AppleWebKit/537.36 (KHTML, like Gecko) Chrome/152.0.7977.82 Mobile Safari/537.36 (compatible; GoogleOther)"
192.178.6.195 - - [10/Sep/2026:00:06:25 +0330] "GET /ammika.php?sitemap94.xml HTTP/1.1" 404 340 "-" "Mozilla/5.0 (compatible; Googlebot/2.1; +http://www.google.com/bot.html)"
192.178.6.196 - - [10/Sep/2026:00:34:03 +0330] "GET /saiga.php?shop/items/Y84966166988/ HTTP/1.1" 404 340 "-" "Mozilla/5.0 (Linux; Android 6.0.1; Nexus 5X Build/MMB29P) AppleWebKit/537.36 (KHTML, like Gecko) Chrome/152.0.7977.82 Mobile Safari/537.36 (compatible; GoogleOther)"
192.178.6.195 - - [10/Sep/2026:00:37:23 +0330] "GET /ammika.php?sitemap242.xml HTTP/1.1" 404 340 "-" "Mozilla/5.0 (compatible; Googlebot/2.1; +http://www.google.com/bot.html)"
192.178.6.195 - - [10/Sep/2026:00:43:34 +0330] "GET /saiga.php?shop/items/O5435450131/ HTTP/1.1" 404 340 "-" "Mozilla/5.0 (Linux; Android 6.0.1; Nexus 5X Build/MMB29P) AppleWebKit/537.36 (KHTML, like Gecko) Chrome/152.0.7977.82 Mobile Safari/537.36 (compatible; GoogleOther)"
192.178.6.197 - - [09/Sep/2026:22:38:10 +0330] "GET /ammika.php?sitemap619.xml HTTP/1.1" 404 340 "-" "Mozilla/5.0 (compatible; Googlebot/2.1; +http://www.google.com/bot.html)"
192.178.6.195 - - [09/Sep/2026:23:29:49 +0330] "GET /sitemap88.xml HTTP/1.1" 404 340 "-" "Mozilla/5.0 (compatible; Googlebot/2.1; +http://www.google.com/bot.html)"
192.178.6.195 - - [09/Sep/2026:23:41:13 +0330] "GET /saiga.php?shop/items/A48620134122/ HTTP/1.1" 404 340 "-" "Mozilla/5.0 (Linux; Android 6.0.1; Nexus 5X Build/MMB29P) AppleWebKit/537.36 (KHTML, like Gecko) Chrome/152.0.7977.82 Mobile Safari/537.36 (compatible; Googlebot/2.1; +http://www.google.com/bot.html)"
192.178.6.195 - - [10/Sep/2026:00:33:38 +0330] "GET /saiga.php?shop/items/O54354101945/ HTTP/1.1" 404 340 "-" "Mozilla/5.0 (Linux; Android 6.0.1; Nexus 5X Build/MMB29P) AppleWebKit/537.36 (KHTML, like Gecko) Chrome/152.0.7977.82 Mobile Safari/537.36 (compatible; GoogleOther)"
192.178.6.195 - - [10/Sep/2026:00:35:39 +0330] "GET /saiga.php?shop/items/Y84966222712/ HTTP/1.1" 404 340 "-" "Mozilla/5.0 (Linux; Android 6.0.1; Nexus 5X Build/MMB29P) AppleWebKit/537.36 (KHTML, like Gecko) Chrome/152.0.7977.82 Mobile Safari/537.36 (compatible; GoogleOther)"
192.178.6.195 - - [10/Sep/2026:00:36:26 +0330] "GET /saiga.php?shop/items/R76145273690/ HTTP/1.1" 404 340 "-" "Mozilla/5.0 (Linux; Android 6.0.1; Nexus 5X Build/MMB29P) AppleWebKit/537.36 (KHTML, like Gecko) Chrome/152.0.7977.82 Mobile Safari/537.36 (compatible; GoogleOther)"
192.178.6.195 - - [10/Sep/2026:00:37:39 +0330] "GET /saiga.php?shop/items/Y84966269720/ HTTP/1.1" 404 340 "-" "Mozilla/5.0 (Linux; Android 6.0.1; Nexus 5X Build/MMB29P) AppleWebKit/537.36 (KHTML, like Gecko) Chrome/152.0.7977.82 Mobile Safari/537.36 (compatible; GoogleOther)"
192.178.6.196 - - [10/Sep/2026:00:38:03 +0330] "GET /saiga.php?shop/items/T62497202845/ HTTP/1.1" 404 340 "-" "Mozilla/5.0 (Linux; Android 6.0.1; Nexus 5X Build/MMB29P) AppleWebKit/537.36 (KHTML, like Gecko) Chrome/152.0.7977.82 Mobile Safari/537.36 (compatible; GoogleOther)"
192.178.6.197 - - [10/Sep/2026:00:41:03 +0330] "GET /saiga.php?shop/items/C7626092601/ HTTP/1.1" 404 340 "-" "Mozilla/5.0 (Linux; Android 6.0.1; Nexus 5X Build/MMB29P) AppleWebKit/537.36 (KHTML, like Gecko) Chrome/152.0.7977.82 Mobile Safari/537.36 (compatible; GoogleOther)"
192.178.6.197 - - [10/Sep/2026:00:42:06 +0330] "GET /saiga.php?shop/items/K23956139390/ HTTP/1.1" 404 340 "-" "Mozilla/5.0 (Linux; Android 6.0.1; Nexus 5X Build/MMB29P) AppleWebKit/537.36 (KHTML, like Gecko) Chrome/152.0.7977.82 Mobile Safari/537.36 (compatible; GoogleOther)"
192.178.6.195 - - [10/Sep/2026:00:43:06 +0330] "GET /saiga.php?shop/items/Z78051107197/ HTTP/1.1" 404 340 "-" "Mozilla/5.0 (Linux; Android 6.0.1; Nexus 5X Build/MMB29P) AppleWebKit/537.36 (KHTML, like Gecko) Chrome/152.0.7977.82 Mobile Safari/537.36 (compatible; GoogleOther)"
192.178.6.195 - - [10/Sep/2026:00:52:51 +0330] "GET /saiga.php?shop/items/O54354148610/ HTTP/1.1" 404 340 "-" "Mozilla/5.0 (Linux; Android 6.0.1; Nexus 5X Build/MMB29P) AppleWebKit/537.36 (KHTML, like Gecko) Chrome/152.0.7977.82 Mobile Safari/537.36 (compatible; GoogleOther)"
192.178.6.195 - - [10/Sep/2026:01:57:30 +0330] "GET /saiga.php?shop/items/C7626065459/ HTTP/1.1" 404 340 "-" "Mozilla/5.0 (Linux; Android 6.0.1; Nexus 5X Build/MMB29P) AppleWebKit/537.36 (KHTML, like Gecko) Chrome/152.0.7977.82 Mobile Safari/537.36 (compatible; Googlebot/2.1; +http://www.google.com/bot.html)"
192.178.6.195 - - [10/Sep/2026:01:59:46 +0330] "GET /saiga.php?shop/items/A48620116887/ HTTP/1.1" 404 340 "-" "Mozilla/5.0 (Linux; Android 6.0.1; Nexus 5X Build/MMB29P) AppleWebKit/537.36 (KHTML, like Gecko) Chrome/152.0.7977.82 Mobile Safari/537.36 (compatible; GoogleOther)"
192.178.6.195 - - [10/Sep/2026:02:00:53 +0330] "GET /saiga.php?shop/items/T62497198301/ HTTP/1.1" 404 340 "-" "Mozilla/5.0 (Linux; Android 6.0.1; Nexus 5X Build/MMB29P) AppleWebKit/537.36 (KHTML, like Gecko) Chrome/152.0.7977.82 Mobile Safari/537.36 (compatible; GoogleOther)"
192.178.6.196 - - [10/Sep/2026:02:01:19 +0330] "GET /saiga.php?shop/items/O54354124035/ HTTP/1.1" 404 340 "-" "Mozilla/5.0 (Linux; Android 6.0.1; Nexus 5X Build/MMB29P) AppleWebKit/537.36 (KHTML, like Gecko) Chrome/152.0.7977.82 Mobile Safari/537.36 (compatible; GoogleOther)"
192.178.6.195 - - [10/Sep/2026:02:03:00 +0330] "GET /saiga.php?shop/items/Z7805125782/ HTTP/1.1" 404 340 "-" "Mozilla/5.0 (Linux; Android 6.0.1; Nexus 5X Build/MMB29P) AppleWebKit/537.36 (KHTML, like Gecko) Chrome/152.0.7977.82 Mobile Safari/537.36 (compatible; GoogleOther)"
192.178.6.195 - - [10/Sep/2026:02:07:45 +0330] "GET /saiga.php?shop/items/K23956121824/ HTTP/1.1" 404 340 "-" "Mozilla/5.0 (Linux; Android 6.0.1; Nexus 5X Build/MMB29P) AppleWebKit/537.36 (KHTML, like Gecko) Chrome/152.0.7977.82 Mobile Safari/537.36 (compatible; GoogleOther)"
192.178.6.196 - - [10/Sep/2026:02:09:03 +0330] "GET /saiga.php?shop/items/K23956178422/ HTTP/1.1" 404 340 "-" "Mozilla/5.0 (Linux; Android 6.0.1; Nexus 5X Build/MMB29P) AppleWebKit/537.36 (KHTML, like Gecko) Chrome/152.0.7977.82 Mobile Safari/537.36 (compatible; Googlebot/2.1; +http://www.google.com/bot.html)"
192.178.6.195 - - [10/Sep/2026:02:25:32 +0330] "GET /saiga.php?shop/items/T62497263044/ HTTP/1.1" 404 340 "-" "Mozilla/5.0 (Linux; Android 6.0.1; Nexus 5X Build/MMB29P) AppleWebKit/537.36 (KHTML, like Gecko) Chrome/152.0.7977.82 Mobile Safari/537.36 (compatible; GoogleOther)"
192.178.6.195 - - [10/Sep/2026:02:26:54 +0330] "GET /saiga.php?shop/items/Z78051210707/ HTTP/1.1" 404 340 "-" "Mozilla/5.0 (Linux; Android 6.0.1; Nexus 5X Build/MMB29P) AppleWebKit/537.36 (KHTML, like Gecko) Chrome/152.0.7977.82 Mobile Safari/537.36 (compatible; GoogleOther)"
192.178.6.195 - - [10/Sep/2026:02:29:38 +0330] "GET /saiga.php?shop/items/O543544820/ HTTP/1.1" 404 340 "-" "Mozilla/5.0 (Linux; Android 6.0.1; Nexus 5X Build/MMB29P) AppleWebKit/537.36 (KHTML, like Gecko) Chrome/152.0.7977.82 Mobile Safari/537.36 (compatible; GoogleOther)"
192.178.6.195 - - [10/Sep/2026:02:31:27 +0330] "GET /saiga.php?shop/items/T62497209792/ HTTP/1.1" 404 340 "-" "Mozilla/5.0 (Linux; Android 6.0.1; Nexus 5X Build/MMB29P) AppleWebKit/537.36 (KHTML, like Gecko) Chrome/152.0.7977.82 Mobile Safari/537.36 (compatible; GoogleOther)"
